{"id":147,"date":"2023-09-03T15:11:04","date_gmt":"2023-09-03T13:11:04","guid":{"rendered":"https:\/\/reservation.yankow.com\/?page_id=147"},"modified":"2023-09-03T19:25:46","modified_gmt":"2023-09-03T17:25:46","slug":"accueil","status":"publish","type":"page","link":"https:\/\/reservation.yankow.com\/","title":{"rendered":"Accueil"},"content":{"rendered":"\t\t<div data-elementor-type=\"wp-page\" data-elementor-id=\"147\" class=\"elementor elementor-147\">\n\t\t\t\t\t\t\t<div class=\"elementor-element elementor-element-a80ef18 e-flex e-con-boxed e-con e-parent\" data-id=\"a80ef18\" data-element_type=\"container\" data-settings=\"{&quot;container_type&quot;:&quot;flex&quot;,&quot;content_width&quot;:&quot;boxed&quot;}\" data-core-v316-plus=\"true\">\n\t\t\t\t\t<div class=\"e-con-inner\">\n\t\t<div class=\"elementor-element elementor-element-e882873 e-con-full e-flex e-con e-child\" data-id=\"e882873\" data-element_type=\"container\" data-settings=\"{&quot;content_width&quot;:&quot;full&quot;,&quot;container_type&quot;:&quot;flex&quot;}\">\n\t\t\t\t<div class=\"elementor-element elementor-element-8a53059 elementor-widget elementor-widget-image\" data-id=\"8a53059\" data-element_type=\"widget\" data-widget_type=\"image.default\">\n\t\t\t\t<div class=\"elementor-widget-container\">\n\t\t\t<style>\/*! elementor - v3.16.0 - 20-09-2023 *\/\n.elementor-widget-image{text-align:center}.elementor-widget-image a{display:inline-block}.elementor-widget-image a img[src$=\".svg\"]{width:48px}.elementor-widget-image img{vertical-align:middle;display:inline-block}<\/style>\t\t\t\t\t\t\t\t\t\t\t\t\t<a href=\"https:\/\/reservation.yankow.com\/index.php\/hotel\/\">\n\t\t\t\t\t\t\t<img decoding=\"async\" src=\"https:\/\/reservation.yankow.com\/wp-content\/uploads\/elementor\/thumbs\/Hotel-qbuosy3komg24e8r6yj8pxuhnoctemf0a6c5mkbd0w.png\" title=\"Hotel\" alt=\"Hotel\" loading=\"lazy\" \/>\t\t\t\t\t\t\t\t<\/a>\n\t\t\t\t\t\t\t\t\t\t\t\t\t\t\t<\/div>\n\t\t\t\t<\/div>\n\t\t\t\t<div class=\"elementor-element elementor-element-c784374 elementor-widget elementor-widget-text-editor\" data-id=\"c784374\" data-element_type=\"widget\" data-widget_type=\"text-editor.default\">\n\t\t\t\t<div class=\"elementor-widget-container\">\n\t\t\t<style>\/*! elementor - v3.16.0 - 20-09-2023 *\/\n.elementor-widget-text-editor.elementor-drop-cap-view-stacked .elementor-drop-cap{background-color:#69727d;color:#fff}.elementor-widget-text-editor.elementor-drop-cap-view-framed .elementor-drop-cap{color:#69727d;border:3px solid;background-color:transparent}.elementor-widget-text-editor:not(.elementor-drop-cap-view-default) .elementor-drop-cap{margin-top:8px}.elementor-widget-text-editor:not(.elementor-drop-cap-view-default) .elementor-drop-cap-letter{width:1em;height:1em}.elementor-widget-text-editor .elementor-drop-cap{float:left;text-align:center;line-height:1;font-size:50px}.elementor-widget-text-editor .elementor-drop-cap-letter{display:inline-block}<\/style>\t\t\t\t<a href=\"https:\/\/reservation.yankow.com\/index.php\/hotel\/\" style=\"text-decoration: none\"><strong>H\u00f4tel<\/strong><\/a>\t\t\t\t\t\t<\/div>\n\t\t\t\t<\/div>\n\t\t\t\t<\/div>\n\t\t<div class=\"elementor-element elementor-element-db07f5b e-con-full e-flex e-con e-child\" data-id=\"db07f5b\" data-element_type=\"container\" data-settings=\"{&quot;content_width&quot;:&quot;full&quot;,&quot;container_type&quot;:&quot;flex&quot;}\">\n\t\t\t\t<div class=\"elementor-element elementor-element-d20a536 elementor-widget elementor-widget-image\" data-id=\"d20a536\" data-element_type=\"widget\" data-widget_type=\"image.default\">\n\t\t\t\t<div class=\"elementor-widget-container\">\n\t\t\t\t\t\t\t\t\t\t\t\t\t\t\t\t<a href=\"https:\/\/reservation.yankow.com\/index.php\/appartement-hotel\/\">\n\t\t\t\t\t\t\t<img decoding=\"async\" src=\"https:\/\/reservation.yankow.com\/wp-content\/uploads\/elementor\/thumbs\/Appartement-1-qbup4ii2s8a2znfwngiywirotdcf4jc3jfc9855ygg.png\" title=\"Appartement (1)\" alt=\"Appartement (1)\" loading=\"lazy\" \/>\t\t\t\t\t\t\t\t<\/a>\n\t\t\t\t\t\t\t\t\t\t\t\t\t\t\t<\/div>\n\t\t\t\t<\/div>\n\t\t\t\t<div class=\"elementor-element elementor-element-abbc294 elementor-widget elementor-widget-text-editor\" data-id=\"abbc294\" data-element_type=\"widget\" data-widget_type=\"text-editor.default\">\n\t\t\t\t<div class=\"elementor-widget-container\">\n\t\t\t\t\t\t\t<a href=\"https:\/\/reservation.yankow.com\/index.php\/appartement-hotel\/\" style=\"text-decoration:none\"><strong>Appart h\u00f4tel<\/strong><\/a>\t\t\t\t\t\t<\/div>\n\t\t\t\t<\/div>\n\t\t\t\t<\/div>\n\t\t<div class=\"elementor-element elementor-element-1b579ac e-con-full e-flex e-con e-child\" data-id=\"1b579ac\" data-element_type=\"container\" data-settings=\"{&quot;content_width&quot;:&quot;full&quot;,&quot;container_type&quot;:&quot;flex&quot;}\">\n\t\t\t\t<div class=\"elementor-element elementor-element-0b60737 elementor-widget elementor-widget-image\" data-id=\"0b60737\" data-element_type=\"widget\" data-widget_type=\"image.default\">\n\t\t\t\t<div class=\"elementor-widget-container\">\n\t\t\t\t\t\t\t\t\t\t\t\t\t\t\t\t<a href=\"https:\/\/reservation.yankow.com\/index.php\/villa-meuble\/\">\n\t\t\t\t\t\t\t<img decoding=\"async\" src=\"https:\/\/reservation.yankow.com\/wp-content\/uploads\/elementor\/thumbs\/Villa-qbup61yjzge00n7cnmhyhmrvv3r2qog9f1twjgvq9c.png\" title=\"Villa\" alt=\"Villa\" loading=\"lazy\" \/>\t\t\t\t\t\t\t\t<\/a>\n\t\t\t\t\t\t\t\t\t\t\t\t\t\t\t<\/div>\n\t\t\t\t<\/div>\n\t\t\t\t<div class=\"elementor-element elementor-element-c36101a elementor-widget elementor-widget-text-editor\" data-id=\"c36101a\" data-element_type=\"widget\" data-widget_type=\"text-editor.default\">\n\t\t\t\t<div class=\"elementor-widget-container\">\n\t\t\t\t\t\t\t<a href=\"https:\/\/reservation.yankow.com\/index.php\/villa-meuble\/\" style=\"text-decoration:none\"><strong>Villa meubl\u00e9<\/strong><\/a>\t\t\t\t\t\t<\/div>\n\t\t\t\t<\/div>\n\t\t\t\t<\/div>\n\t\t\t\t\t<\/div>\n\t\t\t\t<\/div>\n\t\t\t\t\t\t\t<\/div>\n\t\t","protected":false},"excerpt":{"rendered":"<p>H\u00f4tel Appart h\u00f4tel Villa meubl\u00e9<\/p>\n","protected":false},"author":2,"featured_media":0,"parent":0,"menu_order":0,"comment_status":"closed","ping_status":"closed","template":"","meta":{"site-sidebar-layout":"no-sidebar","site-content-layout":"","ast-site-content-layout":"full-width-container","site-content-style":"default","site-sidebar-style":"default","ast-global-header-display":"","ast-banner-title-visibility":"","ast-main-header-display":"","ast-hfb-above-header-display":"","ast-hfb-below-header-display":"","ast-hfb-mobile-header-display":"","site-post-title":"disabled","ast-breadcrumbs-content":"","ast-featured-img":"disabled","footer-sml-layout":"","theme-transparent-header-meta":"","adv-header-id-meta":"","stick-header-meta":"","header-above-stick-meta":"","header-main-stick-meta":"","header-below-stick-meta":"","astra-migrate-meta-layouts":"","footnotes":""},"_links":{"self":[{"href":"https:\/\/reservation.yankow.com\/index.php\/wp-json\/wp\/v2\/pages\/147"}],"collection":[{"href":"https:\/\/reservation.yankow.com\/index.php\/wp-json\/wp\/v2\/pages"}],"about":[{"href":"https:\/\/reservation.yankow.com\/index.php\/wp-json\/wp\/v2\/types\/page"}],"author":[{"embeddable":true,"href":"https:\/\/reservation.yankow.com\/index.php\/wp-json\/wp\/v2\/users\/2"}],"replies":[{"embeddable":true,"href":"https:\/\/reservation.yankow.com\/index.php\/wp-json\/wp\/v2\/comments?post=147"}],"version-history":[{"count":7,"href":"https:\/\/reservation.yankow.com\/index.php\/wp-json\/wp\/v2\/pages\/147\/revisions"}],"predecessor-version":[{"id":156,"href":"https:\/\/reservation.yankow.com\/index.php\/wp-json\/wp\/v2\/pages\/147\/revisions\/156"}],"wp:attachment":[{"href":"https:\/\/reservation.yankow.com\/index.php\/wp-json\/wp\/v2\/media?parent=147"}],"curies":[{"name":"wp","href":"https:\/\/api.w.org\/{rel}","templated":true}]}}